 u = 3. Let g(o) = 9*o**2 - 28*o - 20. Let l be g(4). Let b = l - u. List the prime factors of b.
3, 5
Let v(r) = r**2 + 12*r + 20. Let f be v(-2). Suppose 0 = 4*q - 7*q - 9, -15 = 3*o + 5*q. Suppose o = -f*z + 5*z - 195. What are the prime factors of z?
3, 13
Let w(q) = -6*q + 590. Let p be w(0). Suppose l + c = 149, -3*l + p - 151 = 5*c. List the prime factors of l.
3, 17
Suppose -4 = -3*k + 2*k. Suppose 3*x - 68 - 2 = k*z, -20 = 5*z. Suppose -20*n + 12 = -x*n. What are the prime factors of n?
2, 3
Let a = -465 + 780. List the prime factors of a.
3, 5, 7
Let o(h) = h**2 + 6*h + 7. Let z be o(-5). Suppose -2*v + 252 = 4*g, -v + 6*v - 134 = -z*g. What are the prime factors of g?
2, 31
Suppose -2*a + 70 = n - 1068, 0 = -4*n + 16. List the prime factors of a.
3, 7
Suppose 663 = o - t, t + 3252 - 1253 = 3*o. What are the prime factors of o?
2, 167
Let t(h) = 4*h + 5. Let i = -1 - -13. Let u be t(i). Suppose -u = -5*x + 82. List the prime factors of x.
3
Let f(g) = 6*g**2 - 5*g + g + 6 + 0 - 4*g**2. Let d be f(6). List the prime factors of (-2)/((-10)/15) + d.
3, 19
Suppose -27*o + 31*o = 4*q + 2576, 3*o - 5*q - 1922 = 0. What are the prime factors of o?
11, 59
Suppose 290*s = 272*s + 26532. List the prime factors of s.
2, 11, 67
Let a = 6 + -7. Let o be (-5)/(a - 7/(-8)). Suppose -3*p + p + o = j, -p + 26 = -j. What are the prime factors of p?
2, 11
Let f = -321 - -631. What are the prime factors of f?
2, 5, 31
Let z(u) = 6*u**3 - 16*u**2 + 15*u - 15. List the prime factors of z(6).
3, 5, 53
Let u be 1/3*(-2 + -1). List the prime factors of (238/(-28))/(u/32*2).
2, 17
Let b = 2455 - 980. What are the prime factors of b?
5, 59
Let q be (-30)/9*(-45)/10. Suppose -28*m + q = -25*m. List the prime factors of m.
5
Let u(y) = -y**2 - 3*y + 3. Let a be u(3). Let w = a + 33. Let b = w + -9. List the prime factors of b.
3
Suppose 32586 - 12402 = 4*c. List the prime factors of c.
2, 3, 29
What are the prime factors of 13792/18 + (0 - 2/9)?
2, 383
Let k be 6/(-4)*8/(-3). Suppose 4*b - 7*b = -15. Suppose k*o - b*x - 124 = 0, 2*o = 7*o - 5*x - 160. List the prime factors of o.
2, 3
Let d(s) = -s - 19. Let l be d(0). Let o = l + 23. List the prime factors of o.
2
Let i(l) be the second derivative of -l**3/3 - 11*l**2/2 + 40*l - 1. Let j = 16 + -26. List the prime factors of i(j).
3
What are the prime factors of (-1)/(-2*12/8544)?
2, 89
Let m = -1015 - -3367. What are the prime factors of m?
2, 3, 7
Let p(s) = -9*s - 25. Let j be p(-3). Suppose 2*l - l = j*m - 137, 254 = 4*m + 2*l. List the prime factors of m.
2, 3, 11
Let f = -123 - -117. What are the prime factors of (f + -504)*5/(-15)?
2, 5, 17
Let h = 76 + -76. Suppose 2*g + 3*j - 214 = h, 47 = g - j - 55. What are the prime factors of g?
2, 13
Let w = -70 - 57. Let r = w - -179. List the prime factors of r.
2, 13
Let s(a) = a**3 - 3*a**2 - 18*a + 5. Let m be s(6). Suppose c = -c + 4. Suppose c*h - m = 9. What are the prime factors of h?
7
Suppose -280 = -5*z - o, 4*z + o = 8*z - 215. What are the prime factors of (-11)/z - (-332)/10?
3, 11
Let q be 28/21*15*(-2)/(-4). What are the prime factors of (-2)/q + 592/10 + -2?
3, 19
Suppose -33*z + 38*z = 12160. List the prime factors of z.
2, 19
Let o be (-16)/(3/93*-2). Let s = 251 + -244. Suppose -s*g + o = -3*g. List the prime factors of g.
2, 31
Let r(f) = -7*f**2 + 9*f - 8. Let i(p) = p**2 + p. Let o(s) = -4*i(s) - r(s). What are the prime factors of o(8)?
2, 3
Let n(i) = -726*i - 10. What are the prime factors of n(-1)?
2, 179
Suppose d - 2772 = 7*d. Let r = d - -647. List the prime factors of r.
5, 37
Let g = -25 + 60. Let m = -27 + g. List the prime factors of m.
2
Suppose 0 = 14*x - 9*x - 1095. Let m = x + -153. What are the prime factors of m?
2, 3, 11
Let g = 148 + 221. What are the prime factors of g?
3, 41
Let p(l) = -86*l**2 + 9*l - 3. Let k(j) = -j**2 + j - 1. Let x(o) = 5*k(o) - p(o). What are the prime factors of x(-1)?
83
Let u(m) be the second derivative of m**4/12 - m**3/6 + m**2/2 - 11*m. List the prime factors of u(-3).
13
Let g be 68/((0 - -2)/1). Suppose -18 = -f - 3*l, g = f - 6*l + l. List the prime factors of f.
2, 3
Let s = 3756 + -2540. List the prime factors of s.
2, 19
Let p(q) = -166*q - 13 + 318*q - 166*q. What are the prime factors of p(-6)?
71
Suppose -29*x = 66*x - 267900. List the prime factors of x.
2, 3, 5, 47
Suppose 9903 - 2031 = 4*i. List the prime factors of i.
2, 3, 41
Let y(c) = c**2 + 2*c - 15. Let k be (70/15)/((-21)/9 + 2). What are the prime factors of y(k)?
3, 17
Suppose w + 10*h - 9*h = 1174, -2*w + 2343 = 3*h. List the prime factors of w.
3, 131
Let f = -23 + 26. Suppose -5*w + 0*w + f*u = -814, 4*w + 2*u = 660. List the prime factors of w.
2, 41
Let y(s) = 11*s**2 + 167*s + 45. What are the prime factors of y(-18)?
3, 67
Let p(f) = f**2 + 18*f + 24. Let v = 34 - 29. Suppose n - 68 = v*n. What are the prime factors of p(n)?
7
Let a be (-1)/4 - (-7259)/28. Let m = a - 143. Suppose -m - 64 = -5*s. What are the prime factors of s?
2, 3
Let n be (-10)/35 + 4/14. Suppose -4*o + 3*o = n. Suppose o = 3*x - 192 - 24. List the prime factors of x.
2, 3
Let b(h) = 16*h - 2. Let l(t) = t**2 + 4*t + 4. Let v be l(-2). Suppose v = 5*g - 14 - 1. What are the prime factors of b(g)?
2, 23
Suppose -31*m + 44964 = -19144. What are the prime factors of m?
2, 11, 47
Suppose -d + 5*p = 9*p - 43, 0 = -4*d - 3*p + 159. What are the prime factors of d?
3, 13
Let r = 221 + -62. Suppose 2*m + 2 = 0, -276 - r = -3*n + 3*m. What are the prime factors of n?
2, 3
Suppose -f = -2*p - 10, -p = -2*f + 2*p + 17. Suppose 2*u = f*h + 400, -h + 136 = u - 52. What are the prime factors of (-1)/((-4)/u) - 3?
3, 5
Let j(q) = 691*q**2 - 44*q - 3. What are the prime factors of j(-2)?
7, 11, 37
Let p(o) be the third derivative of -o**4/3 - 8*o**3 - 21*o**2 - 2*o. What are the prime factors of p(-8)?
2
Suppose 10*s = 4*s + 24. Suppose 3*j + 2*j - 20 = 0. Suppose -y - j*y - 85 = -3*n, -4*y + s = 0. List the prime factors of n.
2, 3, 5
Let j = 8408 - 4833. List the prime factors of j.
5, 11, 13
Let w(m) = 25*m - 14. Let t(h) = -26*h + 15. Let x(i) = 4*t(i) + 5*w(i). List the prime factors of x(4).
2, 37
Suppose -2*z + 2136 = 4*o, -2*o = 3*o - 15. What are the prime factors of z?
2, 3, 59
Suppose -w - 2*w + 9 = 0, 0 = 5*b - 3*w - 131. What are the prime factors of (b/(-6))/((-4)/72)?
2, 3, 7
Let n be (12/8)/((-6)/(-20)). What are the prime factors of 78 + (9/(-45) - (-11)/n)?
2, 5
Suppose -p - 4*o + 3*o + 466 = 0, -5*o + 3716 = 8*p. What are the prime factors of p?
2, 3, 7, 11
List the prime factors of 3/18 + 7435/30.
2, 31
Suppose 0 = -5*n + 2*v - 48, -2*v = 4*n - v + 41. Let m(y) = y**3 + 10*y**2 - 3*y + 5. What are the prime factors of m(n)?
5, 7
Let k = -3 - 25. Let m = 16 - 15. List the prime factors of (k/(-8))/(m/2).
7
Suppose -11 = -2*o + 29. List the prime factors of o.
2, 5
Suppose i = 3*w - 11 + 4, w - 4*i = -16. Let s = -925 + 935. Let h = s - w. List the prime factors of h.
2, 3
Let k be 804/20 - (-2)/(-10). Suppose -v + k = v. What are the prime factors of v?
2, 5
Suppose -5*j + 1728 = 7*j. Suppose -r = -2*m + r + 90, -4*m + j = 5*r. List the prime factors of m.
41
Let k be 2/(-4)*-14*1. Let j = k - -1. Let t = j + 4. List the prime factors of t.
2, 3
Let w(r) = -4*r**3 - 10*r**2 - 6*r - 15. What are the prime factors of w(-5)?
5, 53
Let u = -44 + 690. List the prime factors of u.
2, 17, 19
Let n = -18 + 18. Suppose n = 5*s - 354 - 61. List the prime factors of s.
83
Suppose 2*f = 9 - 1. Let a = f + -4. List the prime factors of ((a - -1) + 4)*5.
5
Suppose 2*a = 4*q + q + 16, -2*q = 8. Let d be (2 - 1)*(a - -10). List the prime factors of ((-29)/(-4))/(2/d).
29
Let u(d) = -8*d - 8. Let o(b) = b**2 + 7*b + 4. Let k be o(-3). List the prime factors of u(k).
2, 7
Let p = 1575 + -1254. What are the prime factors of p?
3, 107
Suppose -26*h + 24*h + 6 = 0. Let z = 8 - 6. Suppose -m + 48 = z*n - h*m, -2*m = 2. What are the prime factors of n?
23
Suppose y = 4*g - 2, 2*g + 1 = 4*y - 5. List the prime factors of (g - (-7)/(-4))/((-4)/144).
3
Suppose -10*c + 1029 = 11*c. What are the prime factors of c?
7
Let z(l) = -191*l - 43. Let m(v) = 48*v + 11. Let s(t) = 9*m(t) + 2*z(t). List the prime factors of s(2).
113
Let h = -9 + 13. Suppose 345 = m + h*